nder when 133875 is divided by 2314?
1977
Calculate the remainder when 58439 is divided by 411.
77
What is the remainder when 2951901 is divided by 245962?
357
Calculate the remainder when 165192 is divided by 412.
392
Calculate the remainder when 32247484 is divided by 448.
444
What is the remainder when 575204 is divided by 737?
344
What is the remainder when 206739015 is divided by 72?
15
Calculate the remainder when 3734 is divided by 986.
776
Calculate the remainder when 1570604 is divided by 523531.
11
Calculate the remainder when 2557831 is divided by 165.
1
What is the remainder when 4522382 is divided by 196625?
7
Calculate the remainder when 341579 is divided by 85281.
455
What is the remainder when 110250 is divided by 331?
27
Calculate the remainder when 108026 is divided by 107949.
77
What is the remainder when 3217030 is divided by 292438?
212
What is the remainder when 3494586 is divided by 291215?
6
Calculate the remainder when 135873 is divided by 5061.
4287
What is the remainder when 37240770 is divided by 9310189?
14
What is the remainder when 47373608 is divided by 2779?
2774
What is the remainder when 2941390 is divided by 1470246?
898
Calculate the remainder when 56060 is divided by 28001.
58
Calculate the remainder when 1446775 is divided by 2364.
7
Calculate the remainder when 1316326 is divided by 212.
18
Calculate the remainder when 9859 is divided by 393.
34
What is the remainder when 20011870 is divided by 20911?
43
What is the remainder when 1697629 is divided by 73?
14
Calculate the remainder when 35647892 is divided by 487.
466
What is the remainder when 1816911 is divided by 308?
19
What is the remainder when 458931 is divided by 152525?
1356
Calculate the remainder when 10498699 is divided by 1312337.
3
What is the remainder when 121136 is divided by 120928?
208
What is the remainder when 116442 is divided by 2529?
108
What is the remainder when 23998993 is divided by 11999493?
7
What is the remainder when 4185118 is divided by 2092557?
4
What is the remainder when 2629730 is divided by 38112?
2
Calculate the remainder when 41586987 is divided by 97622.
15
What is the remainder when 48061 is divided by 301?
202
Calculate the remainder when 171703903 is divided by 203.
7
What is the remainder when 3296587 is divided by 1477?
1400
What is the remainder when 16412589 is divided by 122482?
1
Calculate the remainder when 70769097 is divided by 419.
416
What is the remainder when 6142165 is divided by 99?
7
What is the remainder when 735896 is divided by 245289?
29
Calculate the remainder when 373330 is divided by 93301.
126
Calculate the remainder when 1482478 is divided by 2082.
94
Calculate the remainder when 22083756 is divided by 961.
937
Calculate the remainder when 233972 is divided by 285.
272
Calculate the remainder when 343234794 is divided by 577.
574
Calculate the remainder when 537754 is divided by 396.
382
Calculate the remainder when 2249298 is divided by 3228.
2610
What is the remainder when 131766 is divided by 6267?
159
What is the remainder when 18534854 is divided by 149?
148
What is the remainder when 6256106 is divided by 196?
178
What is the remainder when 616607478 is divided by 93?
87
What is the remainder when 345027427 is divided by 5038?
5035
Calculate the remainder when 12140 is divided by 943.
824
What is the remainder when 244795 is divided by 165?
100
What is the remainder when 9416 is divided by 482?
258
What is the remainder when 876815 is divided by 3762?
269
What is the remainder when 2002870 is divided by 37?
23
Calculate the remainder when 2004843 is divided by 8870.
223
What is the remainder when 8404221 is divided by 75?
21
What is the remainder when 75516738 is divided by 4187?
6
Calculate the remainder when 477220 is divided by 645.
565
Calculate the remainder when 4648130 is divided by 4180.
4150
Calculate the remainder when 1683731 is divided by 169.
153
Calculate the remainder when 684910 is divided by 76.
74
What is the remainder when 350497 is divided by 350480?
17
Calculate the remainder when 30924178 is divided by 35.
33
Calculate the remainder when 14521154 is divided by 1815144.
2
Calculate the remainder when 4106250 is divided by 1368700.
150
Calculate the remainder when 62040884 is divided by 29.
24
Calculate the remainder when 54603 is divided by 3392.
331
What is the remainder when 27245708 is divided by 2724570?
8
What is the remainder when 15598 is divided by 590?
258
Calculate the remainder when 2280426 is divided by 36.
6
Calculate the remainder when 313731 is divided by 2225.
6
What is the remainder when 159878 is divided by 79527?
824
Calculate the remainder when 385817 is divided by 967.
951
What is the remainder when 3327515 is divided by 7170?
635
What is the remainder when 61577 is divided by 300?
77
Calculate the remainder when 4648237 is divided by 929477.
852
Calculate the remainder when 15782706 is divided by 3156539.
11
Calculate the remainder when 5476549 is divided by 35.
29
Calculate the remainder when 35132157 is divided by 361.
359
Calculate the remainder when 1738834 is divided by 247.
201
What is the remainder when 179939 is divided by 3305?
1469
Calculate the remainder when 421467 is divided by 4633.
4497
What is the remainder when 15517 is divided by 227?
81
Calculate the remainder when 139498860 is divided by 106.
104
Calculate the remainder when 179253 is divided by 59735.
48
What is the remainder when 5841362 is divided by 730163?
58
What is the remainder when 5175114 is divided by 355?
279
Calculate the remainder when 28893306 is divided by 284.
282
What is the remainder when 2542668 is divided by 1667?
493
What is the remainder when 1005262 is divided by 91199?
2073
Calculate the remainder when 249119 is divided by 1724.
863
Calculate the remainder when 31668 is divided by 269.
195
What is the remainder when 891162 is divided by 445538?
86
Calculate the remainder when 187805 is divided by 1381.
1370
Calculate the remainder when 2184051 is divided by 1432.
251
What is the remainder when 529487 is divided by 1480?
1127
Calculate the remainder when 55236570 is divided by 4639.
4636
Calculate the remainder when 6922260 is divided by 115371.
0
Calculate the remainder when 152321563 is divided by 50773849.
16
What is the remainder when 1283061 is divided by 1559?
4
Calculate the remainder when 389640 is divided by 416.
264
Calculate the remainder when 4932 is divided by 3455.
1477
Calculate the remainder when 20871 is divided by 6567.
1170
Calculate the remainder when 47710 is divided by 1272.
646
Calculate the remainder when 5185826 is divided by 7682.
476
What is the remainder when 138410 is divided by 694?
304
Calculate the remainder when 122039 is divided by 9.
8
Calculate the remainder when 937246 is divided by 1395.
1201
Calculate the remainder when 1696764 is divided by 51416.
36
What is the remainder when 581216 is divided by 2964?
272
What is the remainder when 4241918 is divided by 153?
146
What is the remainder when 39485544 is divided by 32?
8
What is the remainder when 69058 is divided by 34073?
912
What is the remainder when 6777 is divided by 5065?
1712
Calculate the remainder when 191098 is divided by 62786.
2740
What is the remainder when 2053851 is divided by 513432?
123
Calculate the remainder when 223898799 is divided by 50.
49
What is the remainder when 19443720 is divided by 18?
12
What is the remainder when 1176644 is divided by 1061?
1056
Calculate the remainder when 65232569 is divided by 15.
14
Calculate the remainder when 1503328 is divided by 28.
8
Calculate the remainder when 19839422 is divided by 4.
2
What is the remainder when 411430870 is divided by 160?
150
Calculate the remainder when 13098 is divided by 3209.
262
Calculate the remainder when 101467681 is divided by 253.
7
What is the remainder when 48163104 is divided by 2644?
0
What is the remainder when 216962 is divided by 203?
158
Calculate the remainder when 159541 is divided by 3960.
1141
Calculate the remainder when 12022013 is divided by 1629.
1622
What is the remainder when 29121949 is divided by 5824387?
14
What is the remainder when 229524 is divided by 847?
834
Calculate the remainder when 774775 is divided by 6198.
25
Calculate the remai